mainder when 22708 is divided by 22657?
51
What is the remainder when 14413 is divided by 55?
3
What is the remainder when 97387 is divided by 19475?
12
What is the remainder when 24234 is divided by 1153?
21
What is the remainder when 26142563 is divided by 84?
83
What is the remainder when 792 is divided by 286?
220
Calculate the remainder when 75605 is divided by 44.
13
What is the remainder when 20884 is divided by 720?
4
What is the remainder when 21628 is divided by 16?
12
What is the remainder when 85526 is divided by 252?
98
What is the remainder when 2154468 is divided by 25?
18
What is the remainder when 3326 is divided by 104?
102
Calculate the remainder when 1831 is divided by 3.
1
What is the remainder when 79707 is divided by 24?
3
What is the remainder when 31468 is divided by 84?
52
Calculate the remainder when 465927 is divided by 62.
59
Calculate the remainder when 2302 is divided by 188.
46
Calculate the remainder when 58692 is divided by 9780.
12
Calculate the remainder when 85028 is divided by 260.
8
Calculate the remainder when 20571 is divided by 16.
11
Calculate the remainder when 2800359 is divided by 721.
716
What is the remainder when 4563 is divided by 110?
53
What is the remainder when 7405 is divided by 353?
345
Calculate the remainder when 64130 is divided by 289.
261
Calculate the remainder when 41489 is divided by 215.
209
Calculate the remainder when 19988 is divided by 24.
20
Calculate the remainder when 79220 is divided by 64.
52
Calculate the remainder when 33423 is divided by 643.
630
Calculate the remainder when 177479 is divided by 232.
231
Calculate the remainder when 1430 is divided by 708.
14
What is the remainder when 9618 is divided by 75?
18
Calculate the remainder when 28676 is divided by 44.
32
What is the remainder when 11745 is divided by 133?
41
Calculate the remainder when 73868 is divided by 75.
68
What is the remainder when 173 is divided by 1?
0
What is the remainder when 10247 is divided by 51?
47
Calculate the remainder when 2288 is divided by 353.
170
What is the remainder when 324 is divided by 294?
30
Calculate the remainder when 14939 is divided by 393.
5
What is the remainder when 2847139 is divided by 1164?
1159
Calculate the remainder when 319 is divided by 169.
150
What is the remainder when 3080174 is divided by 525?
524
What is the remainder when 150890 is divided by 37721?
6
What is the remainder when 12871 is divided by 6316?
239
What is the remainder when 21860 is divided by 1147?
67
Calculate the remainder when 1642 is divided by 1516.
126
What is the remainder when 2533 is divided by 22?
3
What is the remainder when 22181 is divided by 1027?
614
Calculate the remainder when 7718 is divided by 642.
14
What is the remainder when 1333 is divided by 59?
35
What is the remainder when 1602661 is divided by 28?
25
Calculate the remainder when 8992 is divided by 244.
208
What is the remainder when 76939 is divided by 5911?
96
What is the remainder when 12393 is divided by 3096?
9
What is the remainder when 2830 is divided by 1382?
66
What is the remainder when 1785 is divided by 125?
35
Calculate the remainder when 16112 is divided by 73.
52
Calculate the remainder when 41527 is divided by 74.
13
Calculate the remainder when 93663 is divided by 67.
64
Calculate the remainder when 1647 is divided by 191.
119
What is the remainder when 12195 is divided by 3020?
115
Calculate the remainder when 116127 is divided by 4466.
11
Calculate the remainder when 879 is divided by 105.
39
Calculate the remainder when 19 is divided by 10.
9
What is the remainder when 5054 is divided by 4318?
736
What is the remainder when 167589 is divided by 25?
14
Calculate the remainder when 38635 is divided by 133.
65
What is the remainder when 166181 is divided by 189?
50
What is the remainder when 22821 is divided by 154?
29
Calculate the remainder when 173530 is divided by 311.
303
Calculate the remainder when 1821 is divided by 258.
15
Calculate the remainder when 10612 is divided by 122.
120
Calculate the remainder when 34977 is divided by 220.
217
What is the remainder when 34649 is divided by 24?
17
What is the remainder when 34792 is divided by 56?
16
Calculate the remainder when 28849 is divided by 14424.
1
Calculate the remainder when 6326 is divided by 565.
111
Calculate the remainder when 181067 is divided by 36212.
7
What is the remainder when 2164203 is divided by 242?
239
What is the remainder when 13928 is divided by 163?
73
What is the remainder when 34270 is divided by 58?
50
Calculate the remainder when 9336615 is divided by 591.
588
Calculate the remainder when 441680 is divided by 44167.
10
What is the remainder when 574465 is divided by 45?
40
Calculate the remainder when 190440 is divided by 205.
200
Calculate the remainder when 2670 is divided by 1152.
366
Calculate the remainder when 1030 is divided by 465.
100
Calculate the remainder when 19095 is divided by 289.
21
What is the remainder when 868 is divided by 184?
132
Calculate the remainder when 24264 is divided by 8087.
3
What is the remainder when 120995 is divided by 53?
49
What is the remainder when 65822 is divided by 21906?
104
What is the remainder when 897870 is divided by 3938?
6
What is the remainder when 5235591 is divided by 602?
599
What is the remainder when 23834 is divided by 91?
83
Calculate the remainder when 9360 is divided by 37.
36
Calculate the remainder when 90932 is divided by 689.
673
Calculate the remainder when 787069 is divided by 44.
41
What is the remainder when 3623 is divided by 1778?
67
What is the remainder when 10205 is divided by 126?
125
What is the remainder when 5127 is divided by 35?
17
What is the remainder when 271324 is divided by 83?
80
What is the remainder when 776816 is divided by 14?
12
What is the remainder when 296362 is divided by 349?
61
What is the remainder when 311206 is divided by 339?
4
Calculate the remainder when 7645 is divided by 3779.
87
What is the remainder when 4646 is divided by 993?
674
What is the remainder when 8399 is divided by 926?
65
What is the remainder when 136376 is divided by 1867?
85
Calculate the remainder when 25348 is divided by 794.
734
Calculate the remainder when 2019 is divided by 28.
3
Calculate the remainder when 192549 is divided by 46.
39
What is the remainder when 9054 is divided by 49?
38
Calculate the remainder when 890 is divided by 338.
214
What is the remainder when 2188358 is divided by 467?
463
What is the remainder when 1354 is divided by 119?
45
What is the remainder when 32794 is divided by 886?
12
Calculate the remainder when 11749 is divided by 309.
7
Calculate the remainder when 13465 is divided by 4484.
13
What is the remainder when 24906 is divided by 858?
24
What is the remainder when 15262 is divided by 7554?
154
What is the remainder when 4862 is divided by 1509?
335
Calculate the remainder when 9603 is divided by 214.
187
What is the remainder when 2988 is divided by 598?
596
Calculate the remainder when 40903 is divided by 524.
31
What is the remainder when 327780 is divided by 13?
11
What is the remainder when 166742 is divided by 230?
222
What is the remainder when 3060 is divided by 3060?
0
Calculate the remainder when 4751 is divided by 1413.
512
Calculate the remainder when 315918 is divided by 55.
53
Calculate the remainder when 8522 is divided by 21.
17
Calculate the remainder when 13858 is divided by 110.
108
Calculate the remainder when 163676 is divided by 6295.
6
What is the remainder when 20704 is divided by 362?
70
Calculate the remainder when 11811 is divided by 780.
111
Calculate the remainder when 3446789 is divided by 1148926.
11
What is the remainder when 1280 is divided by 30?
20
Calculate the remainder when 182634 is divided by 2767.
12
Calculate the remainder when 14820 is divided by 63.
15
Calculate the remainder when 175453 is divided by 605.
3
What is the remainder when 28330 is divided by 9421?
67
Calculate the remainder when 21835 is divided by 2725.
35
Calculate the remainder when 13430 is divided by 247.
92
Calculate the remainder when 33348 is divided by 104.
68
Calculate the remainder when 285668 is divided by 16.
4
What is the remainder when 97464 is divided by 7497?
3
What is the remai